x = -3*n + 8536. List the prime factors of n.
2, 23, 31
Suppose 2*u + 3*z + 35 = u, 0 = u + z + 35. Let d = u - -37. Suppose -d*g + 66 = -22. List the prime factors of g.
2, 11
Suppose -6*y + 0*y + 7380 = 0. What are the prime factors of y?
2, 3, 5, 41
Let n(f) = 2*f**2 + 9*f - 132. Let u(z) = -z**2 - 4*z + 66. Let p(o) = -6*n(o) - 13*u(o). What are the prime factors of p(16)?
2, 79
Suppose 232 = -7*c + 11*c. Suppose -c = -2*p + 4*w, 0 = 3*p - 2*w - 60 - 19. What are the prime factors of p?
5
Let t = -1 + 1. Let n(z) = 2*z + z + t*z - 1. List the prime factors of n(4).
11
Suppose 29*u = 27*u + 168. Suppose -u = 5*y - 7*y. List the prime factors of y.
2, 3, 7
List the prime factors of (-5 - -2) + -11 + 3002 + -9.
3, 331
Suppose 3*t + 2*g + 2*g - 26 = 0, 20 = 2*t + 4*g. Let p be 18*(-2 - (-34)/t). Suppose p = 3*x + x - 5*k, 2 = -k. What are the prime factors of x?
2, 7
Let t(g) = g**3 - g**2 + 3. Let c be t(0). Suppose c*o = 107 + 292. Suppose -47 = -5*x + o. List the prime factors of x.
2, 3
Let r = 53 + -31. Let o = 4 + r. List the prime factors of o.
2, 13
Let u = 23 - 18. Suppose 5*h = -2*k + 36, -u*h + 2*k + 24 = -0*k. Suppose w - 2*w + h = 0. List the prime factors of w.
2, 3
What are the prime factors of 76/(-38) - ((-1080)/2)/1?
2, 269
Suppose 0 = -5*m + 5*v + 2170, -4*m - 31*v + 1744 = -33*v. What are the prime factors of m?
2, 3, 73
Suppose -8 - 4 = -3*u. Suppose 4*m - 451 = -5*p, 5*p - 4*p - u*m - 95 = 0. What are the prime factors of p?
7, 13
Let i = 5 + -1. Suppose 5*g - i*g = 2. Suppose -4*u - 26 - 28 = -g*d, -d + 24 = -5*u. What are the prime factors of d?
29
Let c(k) be the third derivative of -19*k**4/12 - k**3/6 - 8*k**2. Suppose 9*g + 5 = 4*g. List the prime factors of c(g).
37
Suppose 2*w + 1916 = 6*w. List the prime factors of w.
479
Let i = -2 - -7. Suppose -30 = -i*q - 5*d, -6*d + 2 = -4*d. Suppose 113 = -q*h + 358. What are the prime factors of h?
7
Let g = -739 - -1119. What are the prime factors of g?
2, 5, 19
Let l be (-7)/(-5) - (-4)/(-10). Let h(s) = 6*s**3 + 4 + 2*s - s - 8 + 3. What are the prime factors of h(l)?
2, 3
Suppose 2*m - 4*m + 1766 = 3*l, -2*l = m - 885. What are the prime factors of m?
877
Suppose 36*c = -13*c + 42679. List the prime factors of c.
13, 67
Suppose -3*x - 25 = 5*m, 20 = -4*m - m - 2*x. What are the prime factors of -84*(m - -7)/(-10)?
2, 3, 7
Let j = 581 + -547. Let y = -6 + 24. Let k = j + y. List the prime factors of k.
2, 13
Let m(i) = 3*i**2 + 22*i + 245. What are the prime factors of m(29)?
2, 13, 131
Let b(l) be the first derivative of -17*l**2/2 + 3*l + 2. Let n be b(-4). Suppose -m + 4*m + 4*v = n, -v = -5*m + 103. List the prime factors of m.
3, 7
List the prime factors of (-14)/21 - 8/6 - -615.
613
Let y(z) = -z**3 + z**2 - 22*z - 7. Let v be y(-10). Suppose -12*h + 883 + v = 0. List the prime factors of h.
3, 61
Suppose 2*q - 412 - 214 = 0. List the prime factors of q.
313
Suppose -5*n + 2*f = -9, -5*f = -n - 4*f. Suppose 3*m + 11 = -n*k + 35, -4*m + 5*k = -77. What are the prime factors of m/(1 + 0/2)?
13
Let y(b) = -2*b - 21. Let j be y(-12). Suppose 0 = -2*q - 2*k + 148, 4*k = -0*q - j*q + 218. What are the prime factors of q?
2, 3, 13
Let x be ((-9)/(-9))/(-3 + 2)*-89. Suppose -n = -i + 35, -4*i + x + 23 = 3*n. List the prime factors of i.
31
Let f(p) = p**3 - 12*p**2 + 5*p + 8. Let v(z) = 5*z - 13. Let a be v(5). Let t be f(a). Let w = t + -25. List the prime factors of w.
43
Suppose -11*d = -17*d + 3126. List the prime factors of d.
521
Let f be ((-196)/35)/(6/(-345)). Suppose 0*i - f = -2*i. What are the prime factors of i?
7, 23
Suppose -9*k - 4133 = -12458. Suppose -w + 4*a = -265, 4*a - 195 - k = -4*w. List the prime factors of w.
277
Suppose 39*u - 67*u + 105280 = 0. List the prime factors of u.
2, 5, 47
What are the prime factors of (96/(-168))/(2/(-7567))?
2, 23, 47
Let a = 161 + -85. Let l = -11 + a. Let k = l - 2. List the prime factors of k.
3, 7
Suppose 0 = -2*t + 5*t - 27. Suppose t*a - 235 = 224. List the prime factors of a.
3, 17
Let n(f) = 4*f**2 - 26*f + 254. List the prime factors of n(19).
2, 7, 43
Let q(g) = g**2 + 7*g + 4. Let p be q(-6). Suppose 10 = 5*i + 40. What are the prime factors of (-5 - i)/(p/(-36))?
2, 3
Let j(o) = -10*o - 2. Let i be j(-2). Let n = i - 29. Let g(x) = -x**2 - 13*x + 16. What are the prime factors of g(n)?
2, 19
Let i(g) = 8*g**2 - 19*g + 80. What are the prime factors of i(15)?
5, 11, 29
Suppose 215*y = 202*y + 2938. What are the prime factors of y?
2, 113
Suppose 0 = -22*l - 10658 + 100242. What are the prime factors of l?
2, 509
Suppose -13*t = 209 - 14. List the prime factors of 2 - (t/10)/((-1)/(-36)).
2, 7
Suppose 0 = 5*c - 11 + 1. Suppose -c*t = -2 + 6. List the prime factors of t/(-4)*98/1.
7
Suppose 0 = -3*o + 25 + 17. What are the prime factors of o/(15/(-4) - -4)?
2, 7
Let u(q) = q**2 + 2*q - 4. Suppose 4*y = 2*y - m - 21, 2*m + 34 = -3*y. Let g be (2 - 1) + (-5 - y). List the prime factors of u(g).
2, 5
Let l be 40/(0 - -4) - 2. Suppose 0*v = 2*v - l. Suppose -5*b + 21 = 2*u, 0 = v*u + u + 4*b - 27. List the prime factors of u.
3
What are the prime factors of 5*(-10924)/(-20) - -8?
3, 11, 83
Suppose 0 = 2*i - 4, -30 = -0*z - 4*z - 3*i. Suppose -3 = 3*j, -z = -2*n + j + 37. List the prime factors of n.
3, 7
Suppose 4*a = 3*d - 175, 4*a = -2*d + d + 69. Suppose 3*q - 3*r = 7*q - d, 3*r = -q + 13. Let p = q + 14. List the prime factors of p.
2, 3, 5
Let g = 3 - 0. Suppose 0 = -g*u + 3*h + 120, -2*u + h = 3*u - 204. Suppose u = 5*p + 2*c, -p - 15 = -2*p + 3*c. What are the prime factors of p?
3
Suppose 16252 = 9*n - 3044. What are the prime factors of n?
2, 67
Let h(t) = t**3 + 3*t**2 - 6*t - 1. Suppose 3*j + 3 = -5*v - 2, -36 = 4*v - 4*j. List the prime factors of h(v).
7
Let m(h) = -h**2 + 5*h + 25. Let u be m(0). Let o(d) = 3*d**3 - 2*d**2 + 1. Let j be o(2). Let s = u - j. List the prime factors of s.
2
Let t = 4131 - 2770. List the prime factors of t.
1361
Let m(b) be the first derivative of b**4/4 - 5*b**3/3 + b**2/2 + 10*b + 5. Suppose p + 2*o + 2 - 8 = 0, 3*p - 5*o - 18 = 0. What are the prime factors of m(p)?
2, 13
Suppose -6*t + 211 = -395. What are the prime factors of t?
101
Let f(v) = 2*v**2 + 26*v - 75. What are the prime factors of f(3)?
3, 7
Let s be 1/1 - (-2 - 1). Suppose 0 = s*h - 417 + 73. List the prime factors of h.
2, 43
Let o(a) = 3*a - 6. Let r be o(8). Let h = r - 4. Let d = h - 12. List the prime factors of d.
2
Let s(k) = 32*k - 10. Let l be s(-2). Suppose -2*r - 210 = -4*r. Let j = l + r. List the prime factors of j.
31
Let u(z) = 13*z**2 - 51*z - 560. What are the prime factors of u(-18)?
2, 5, 457
Suppose 5*y - 16 = -46. What are the prime factors of (2 + y)/(-12)*(-498)/(-2)?
83
Suppose 2*l + 561 + 109 = 0. Let p = -188 - l. What are the prime factors of p?
3, 7
Let m = -37 + 40. List the prime factors of (-5 + m - -3)*183.
3, 61
What are the prime factors of 2 - 0 - (-492 + -29)?
523
Suppose 5*v = g + 18252, 2*v - 7298 = -142*g + 141*g. What are the prime factors of v?
2, 5, 73
Suppose -46*s + 100 = -45*s. What are the prime factors of (-3 - s/(-2))/(2/4)?
2, 47
Suppose -29*l + 24*l + 845 = 0. Let g = l + -27. List the prime factors of g.
2, 71
Let m = 1165 - 915. What are the prime factors of m?
2, 5
Let y = -4246 - -6746. What are the prime factors of y?
2, 5
Suppose 2500 + 195 = 5*i. What are the prime factors of i?
7, 11
Let t = 440 + 16. What are the prime factors of t?
2, 3, 19
Suppose -12*n + 8*n + 404 = 0. List the prime factors of n.
101
Suppose 7*a - 2*a = 30. What are the prime factors of a - (2 + (-4)/(-2))?
2
Suppose -q + 46 = 8. Let c = q + -31. List the prime factors of c.
7
Let o(f) = 2*f**2 + 11*f - 6. Let h be ((-6)/(-18)*-4)/(2/15). What are the prime factors of o(h)?
2, 3, 7
Let m(n) = n**2 - 34*n - 3. What are the prime factors of m(-6)?
3, 79
What are the prime factors of (-21 + 20)*-43*61?
43, 61
Let c = 30 - 10. Let q(h) = -h**2 + 10*h + 3. Let o be q(10). Suppose 0 = o*b - c - 1. What are the prime factors of b?
7
Suppose -12*y = 2515 - 14407. List the prime factors of y.
991
Let y(k) = -30*k + 39. Let a be y(9). Let o = a + 390. List the prime factors of o.
3, 53
Suppose -3*i + 8*i = -65. Let b(q) = -q**3 - 14*q**2 - 18*q - 3. What are the prime factors of